is the units digit of f?
2
Suppose 31*l + 32*l - 128772 = 0. What is the units digit of l?
4
Let z(p) = 7*p**3 - 2*p**2 - 2*p. Let x(u) = 8*u**3 - 2*u**2 - 2*u. Let b(i) = -5*x(i) + 6*z(i). What is the units digit of b(2)?
4
Let y(o) = o**3 + 10*o**2 + 5*o + 31. Let j be y(-7). Suppose 26 - j = -9*g. What is the tens digit of g?
1
Let p = 48 + -36. Suppose 0 = -p*f + 5*f + 511. What is the units digit of f?
3
Suppose -20 = 2*p + 34. Suppose -81 = -2*k + 1. Let s = p + k. What is the tens digit of s?
1
What is the units digit of ((-90464)/(-528))/((-2)/(-15))?
5
Suppose -4*v = -4*d - 788, 0*v - v - 5*d = -167. What is the tens digit of v?
9
Let z be 26*(-1 - 0)*(-23 - -1). Let k = -318 + z. What is the hundreds digit of k?
2
Let y(k) = -2*k**3 - k**2 + 4*k**3 + 1 - k + k**3. Let i = 0 + 2. What is the tens digit of y(i)?
1
Let u(g) = -g + 9. Let h(x) be the first derivative of -2*x**3/3 - 3*x**2 - 3*x + 2. Let z be h(-4). What is the tens digit of u(z)?
2
Suppose 0 = 3*g - g - 6. Suppose 0 = 5*u - g*u - 212. What is the tens digit of u?
0
Suppose -7*t = -690 - 157. Let j = t - 86. What is the units digit of j?
5
Let q(o) = 33*o**3 + 2*o**2 - 2*o. Let d be q(1). What is the units digit of (d/9)/((-2)/(-84))?
4
Suppose 3*u + 18 = -0*u + 2*d, -3*u - 5*d = 39. Let o = u - -11. Suppose -40 = -t - 5*f, 2*t + 2*f = 69 + o. What is the units digit of t?
5
Let y = -372 + 2605. What is the units digit of y?
3
Suppose 0 = 5*y + 3*f - 5227, -17*f + 16*f - 2082 = -2*y. What is the hundreds digit of y?
0
Suppose -3*f - 1 = -4. Let u be (f/(-3))/(1/(-207)). Suppose -u = -4*o + o. What is the units digit of o?
3
Suppose 4*z - 433 = -4*u + 27, 0 = z - 2*u - 118. Let y = z + -73. What is the units digit of y?
3
Let d(h) be the first derivative of -h**3/3 - 11*h**2/2 - 12*h + 5. What is the units digit of d(-8)?
2
Let p be (-7)/((-28)/30) - 2/4. Let j(a) = -a**3 + 8*a**2 - 6*a - 1. What is the units digit of j(p)?
6
Let f be ((-8)/(-12))/((-14)/(-21)). What is the tens digit of 59 + (0 - f - -4)?
6
Let i be (69/(-161))/((-2)/14). Suppose 2*g = 4*u - 268, -2*g + 246 = i*u + 59. What is the tens digit of u?
6
Suppose -4*q = -5*f - 5866, -2*f = 4 - 0. What is the tens digit of q?
6
Let h(g) = g**2 - 6*g - 5. Let l(p) = -2*p**2 + 11*p + 11. Let x(u) = -5*h(u) - 2*l(u). What is the tens digit of x(6)?
1
Suppose 15 = -0*i + 3*i. Suppose 2*u - 45 = -i*f - 0*f, -25 = -5*f. Suppose 4*d = -5*h + 99, 3*d - u - 41 = 4*h. What is the tens digit of d?
2
Let b(h) be the first derivative of h**4/2 - 4*h**3/3 - h**2 + 10. Let v be b(4). Suppose 3*u - v = 76. What is the tens digit of u?
4
Let v = -71 + 73. Suppose x = v + 52. What is the units digit of x?
4
Let h(o) = o. Let v be h(7). Suppose -v*d + 414 = -104. What is the units digit of d?
4
Let v(y) be the second derivative of 5*y**3 - y. Let m(s) = -s**3 + 2*s**2 + 3*s + 2. Let b be m(3). What is the tens digit of v(b)?
6
What is the tens digit of 4/(-5)*850085/(-146)?
5
Let n(f) = 16*f + 3. Let l be n(3). Let j = l + -23. What is the tens digit of j?
2
Suppose 4*l = -2*s + s + 66, -s + 15 = l. Let i = l - 13. Suppose 2*o - 92 = -i*a, -5*o + 0*a + 237 = 3*a. What is the units digit of o?
8
What is the hundreds digit of ((-4936)/(-12))/((-7)/(21/(-2)))?
6
What is the thousands digit of 41787/12 + 1 + 15/(-60)?
3
Let w(k) be the second derivative of -1/2*k**2 + 15/2*k**3 + 0 - 12*k. What is the units digit of w(1)?
4
Let p(w) = w**2 + 7*w - 3. Let t be p(-8). Let m(i) = -i**3 + 7*i**2 + 2*i - 6. What is the tens digit of m(t)?
5
Let w = 47 - 17. Suppose -5*j = -10*j - w. What is the units digit of (-696)/(-44) + j/(-33)?
6
Let f = 1078 - 436. What is the units digit of f?
2
Let l(s) = s**3 - s**2. Let g be l(2). Let q be 3 + (-8)/g + 1. Suppose -q*y = -y - 10. What is the tens digit of y?
1
Let i(k) = k - 14. Let d be i(19). Suppose -d*x = n - 18, 3*n + 4*x - x = 30. Suppose -8*r + n = -7*r. What is the units digit of r?
8
Suppose 0 = -7*m + 5*m + 162. Suppose 2*h = -47 - m. Let l = -19 - h. What is the units digit of l?
5
Suppose 11*q + 5526 = 13*q. What is the tens digit of q?
6
Suppose 1106*a = 1121*a - 7590. What is the units digit of a?
6
What is the hundreds digit of 111*(-4)/(32/(-12) - -2)?
6
Suppose -70 = -2*m - 2*x, 0 = -3*m + 4*x + 93 + 47. Let f be 0/(m/5 + -4). Suppose 2*q = -f*q + 82. What is the tens digit of q?
4
Let v = -2701 - -5001. What is the tens digit of v?
0
What is the units digit of (-2 - -4)*4566/12?
1
Let b(q) = -3*q**3 - 6*q**2 + 12*q - 8. Let r(a) = -7*a**3 - 12*a**2 + 24*a - 17. Let l(y) = 9*b(y) - 4*r(y). What is the tens digit of l(6)?
6
Suppose 5*x + 6 = 56. Let v be (x/(-3))/(2/(-3)). Suppose g + i - 4 = 2, -v*g = -2*i - 23. What is the units digit of g?
5
Let h be 6 + (-5 + 4 - 3). What is the units digit of (-6)/h*85/5*-1?
1
Suppose -10*n = -4242 - 6748. What is the tens digit of n?
9
What is the units digit of (-75921)/(-39) - (-12)/39?
7
Let q = -24 + 40. Suppose q - 19 = -u. What is the units digit of u?
3
Let o(q) = 14*q**2 + 32*q + 11. What is the hundreds digit of o(-10)?
0
Suppose j + 1 = -o - 3*j, 3*o + 3*j = 33. Suppose o*s = 22*s - 1043. What is the tens digit of s?
4
What is the tens digit of (-134)/(-8)*(-56)/(70/(-10))?
3
Let s(l) = 16*l + 11. Let g(k) = -16*k - 10. Let i(x) = 4*g(x) + 3*s(x). What is the units digit of i(-4)?
7
Let u = -80 - -80. What is the units digit of (u - -1)*(1 - -54)?
5
Suppose 1 = -r + 5. Suppose -r*f = -3*f. Suppose 4*o + f*o - 120 = 0. What is the units digit of o?
0
Suppose 3*q - 4 = -c, 3*q + 5*c - c + 11 = 0. Suppose 0 = -5*v - q*z - 32, -4 = 4*z - 3*z. What is the units digit of v/12 - (-133)/3?
4
Let z(s) = s + 24. Let x be z(-21). Suppose 9*b = x*b + 456. What is the tens digit of b?
7
Let n(u) = -268*u + 27. What is the units digit of n(-12)?
3
Suppose -x - 4*x + 528 = -4*u, 3*u = 9. Suppose 796 = 8*y + x. What is the units digit of y?
6
Let q = 761 - 444. Suppose 3*w + d - q = 0, -d = -0 + 1. What is the hundreds digit of w?
1
Let a(l) = 2*l**2 - 4*l + 5. Let n be a(2). What is the units digit of 52 - (-1 + n + -1)?
9
Let i = -18 + 25. Let q(d) = d**3 - 7*d**2 + 3. Let x be q(i). Suppose x*r - 48 = 45. What is the units digit of r?
1
Let a be -1 - (-3 + 3 + -17). Let d be -1*4*4/a. What is the tens digit of 1/((d - 2)/(-57))?
1
Let p(g) = 7*g**2 - 2. Let c be 3 + (-12)/8*6. Let v be p(c). Suppose -2*f - 3*f = -v. What is the units digit of f?
0
Let y = 50 + -112. What is the tens digit of y/((6/4)/(36/(-16)))?
9
Let c = 23 + -16. Suppose -c - 28 = 5*y. Let s = 0 - y. What is the units digit of s?
7
Let s = 19 - 15. Suppose 5*i + 2*l = -2*l + 311, -l + 240 = s*i. What is the units digit of i?
9
Let m be (6/(-5))/((-6)/630). Suppose 0 = -8*r + 12*r + 336. Let c = r + m. What is the tens digit of c?
4
Let v = 16 - 13. Suppose 2*i = -v*i + 100. What is the units digit of (-117)/(-7) + i/70?
7
Suppose 0 = -3*y - 3*t, 2*y - 5*y = 4*t - 1. Let c(z) = -43*z + 2. What is the tens digit of c(y)?
4
Let u be 4 + 0 + (5 - 1). Suppose -u*r + 3*r + 430 = 0. What is the tens digit of r?
8
Let u(v) = 6*v**2 - v - 1. Suppose 2*n - 7 + 1 = 0. Suppose -n*q - t + 9 = -2*t, -q + 5*t = -17. What is the tens digit of u(q)?
2
Suppose -o + 3 = 8, -5*a - 2*o = -25. Suppose -444 = -a*t + 424. What is the units digit of t?
4
Suppose 0 = 4*p + 3 + 9. Let l be -4 + 4 + 0 + p. What is the units digit of (-1)/(l/9 + 0)?
3
Let s(r) = -11*r**2 - 4*r + 3. Let n be s(5). What is the units digit of n/(-10) + 2 + (-2)/10?
1
Let v(f) = f**3 + 31*f**2 - 69*f - 107. Let q be v(-33). Let j(t) = t**2 - 4*t + 4. Let b be j(4). What is the units digit of (-64)/(4/q*b)?
2
Let q = -190 - -657. What is the units digit of q?
7
Let y = -29 + 31. What is the units digit of (y/3)/((-18)/(-621))?
3
Let g be (-1)/5 + 10528/40. Suppose -4*b - 3*l + g - 19 = 0, -132 = -2*b + l. What is the units digit of b?
4
Let t be 4 - (1 - 2 - -5). Suppose -48 = -3*y - t. What is the tens digit of y?
1
Let n(a) = a**3 - 8*a**2 - 13*a - 13. Let v be n(10). Suppose 0 = t - c - 8 - v, -2*c - 260 = -4*t. What is the units digit of t?
5
Suppose 9*i - 3*i = -4*i. Suppose i = -5*l, 5*l + 770 = 5*o + 55. What is the tens digit of o?
4
Suppose 0 = 2*u - 4*k - 134, -4*u - 5*k - 50 + 266 = 0. Suppose n + 4 = u. What 